356.
178
Calculate the highest common divisor of 38795656 and 45236.
1052
What is the greatest common factor of 219405578 and 532?
266
What is the highest common divisor of 1278 and 50238?
18
Calculate the greatest common factor of 172890585 and 945.
945
Calculate the highest common factor of 1898 and 79820.
26
What is the highest common factor of 3 and 26223588?
3
Calculate the greatest common divisor of 6283 and 111343.
103
Calculate the highest common factor of 321449842 and 14.
14
Calculate the greatest common divisor of 1055242 and 22616.
514
Calculate the highest common divisor of 27095859 and 63.
63
What is the highest common factor of 4506 and 164606433?
2253
What is the highest common divisor of 9324 and 93395400?
3108
What is the highest common factor of 11255 and 568114133?
2251
Calculate the highest common factor of 672 and 574707.
21
Calculate the greatest common factor of 2279328 and 2016.
96
Calculate the greatest common factor of 81 and 448929.
27
What is the greatest common factor of 106 and 4889197?
53
What is the greatest common factor of 5584157 and 7885?
1577
Calculate the greatest common divisor of 18620 and 2302420.
380
Calculate the highest common divisor of 34529 and 562397.
473
Calculate the greatest common factor of 6830 and 261530.
10
What is the greatest common divisor of 1560 and 9119175?
195
What is the greatest common factor of 12 and 6452644?
4
Calculate the greatest common divisor of 20195269 and 17.
17
What is the greatest common factor of 25138 and 538367977?
12569
Calculate the greatest common divisor of 80 and 140305.
5
Calculate the greatest common divisor of 13849 and 10332613.
1259
Calculate the greatest common divisor of 19591 and 215227.
137
What is the highest common factor of 5575577 and 386?
193
What is the highest common divisor of 790 and 592012570?
790
Calculate the greatest common factor of 17930756 and 21612.
7204
Calculate the highest common divisor of 77143354 and 46386.
1718
What is the highest common divisor of 5622 and 107893676?
1874
Calculate the greatest common divisor of 14287982 and 3343.
3343
Calculate the highest common divisor of 234472928 and 32.
32
Calculate the highest common factor of 9753634 and 198.
22
What is the greatest common divisor of 275 and 50718700?
25
What is the highest common divisor of 66221328 and 32?
16
Calculate the highest common factor of 882 and 1338642.
18
Calculate the greatest common divisor of 8 and 558052.
4
Calculate the highest common factor of 1344188 and 109.
109
Calculate the greatest common divisor of 284204338 and 426.
142
What is the highest common divisor of 71925 and 1524285?
105
Calculate the greatest common factor of 112363378 and 76.
38
Calculate the highest common factor of 258616 and 14240.
8
What is the highest common divisor of 8188 and 55844?
92
What is the greatest common factor of 3749084 and 43?
43
What is the highest common factor of 43257285 and 45?
45
Calculate the greatest common factor of 45106 and 15794222.
2374
Calculate the highest common divisor of 5546424 and 6786.
2262
Calculate the greatest common factor of 25308 and 18660.
12
What is the highest common factor of 37232935 and 1130?
565
What is the greatest common factor of 114 and 42216?
6
What is the highest common factor of 236882 and 64215?
1427
Calculate the greatest common factor of 129203815 and 8060.
2015
Calculate the greatest common factor of 17 and 131000861.
17
Calculate the greatest common divisor of 31972361 and 329.
47
What is the highest common factor of 3789116 and 1162?
166
What is the highest common divisor of 8 and 349533896?
8
Calculate the greatest common divisor of 878283 and 66.
3
What is the greatest common divisor of 48 and 8373930?
6
Calculate the greatest common factor of 27998981 and 1702.
23
Calculate the highest common divisor of 12882 and 55347.
57
Calculate the greatest common factor of 306 and 31542.
6
What is the highest common divisor of 226036524 and 60?
12
What is the greatest common divisor of 2064 and 14981028?
516
Calculate the greatest common factor of 33917363 and 1241.
17
Calculate the greatest common divisor of 572 and 381788.
44
What is the highest common divisor of 44044 and 1543753211?
11011
What is the greatest common factor of 145478193 and 9975?
399
Calculate the greatest common factor of 851 and 8199792.
37
Calculate the greatest common factor of 5774990 and 3655210.
4030
What is the greatest common factor of 74720 and 39840?
160
What is the highest common factor of 1190 and 122636402?
238
Calculate the greatest common divisor of 14926388 and 7968.
332
What is the greatest common divisor of 33 and 3027742113?
33
What is the greatest common factor of 6275994 and 51?
3
What is the greatest common factor of 236502725 and 850?
425
Calculate the highest common factor of 456208 and 752.
16
What is the highest common divisor of 533512 and 5684?
196
Calculate the greatest common factor of 43907264 and 2816.
64
Calculate the greatest common factor of 1033803 and 192537.
81
What is the greatest common factor of 4496873 and 146?
73
What is the highest common divisor of 10419046 and 105846?
2714
Calculate the highest common divisor of 183033 and 74556.
9
Calculate the greatest common divisor of 4088 and 5330168.
584
Calculate the greatest common factor of 195871 and 10431.
1159
Calculate the highest common factor of 302634 and 1089.
9
What is the greatest common divisor of 3577 and 54385?
73
What is the greatest common divisor of 721184728 and 22?
22
Calculate the highest common divisor of 2112 and 4360224.
1056
What is the highest common divisor of 181368 and 450?
18
Calculate the highest common factor of 1654261 and 21.
7
Calculate the highest common divisor of 36506631 and 1365.
21
What is the highest common divisor of 120384 and 120?
24
Calculate the highest common divisor of 416 and 249617888.
416
What is the highest common divisor of 387 and 6894921?
129
What is the greatest common divisor of 82641445 and 290?
145
What is the highest common divisor of 2484796 and 1363?
47
What is the greatest common factor of 25084030 and 40?
10
Calculate the greatest common factor of 276930 and 2042766.
3258
What is the highest common factor of 2007 and 27369?
9
What is the highest common factor of 1822136 and 717?
239
Calculate the highest common factor of 463463 and 7527454.
5093
What is the greatest common divisor of 1347 and 1813453079?
449
What is the highest common divisor of 215271 and 2220642?
459
What is the highest common divisor of 1568796 and 3829?
547
Calculate the greatest common divisor of 307799 and 19321834.
9929
Calculate the highest common divisor of 3431250 and 54.
18
Calculate the highest common divisor of 295785 and 1701.
189
Calculate the highest common divisor of 5756380 and 14.
14
Calculate the highest common factor of 20 and 638056.
4
What is the highest common divisor of 36380209 and 47?
47
What is the greatest common divisor of 1191082 and 1984?
62
What is the greatest common divisor of 27821376 and 93456?
1584
Calculate the greatest common divisor of 319766 and 3232.
202
Calculate the highest common divisor of 267520 and 2128.
304
Calculate the greatest common factor of 4565 and 74285.
415
What is the greatest common divisor of 18 and 21129138?
18
What is the greatest common factor of 24433 and 848?
53
What is the greatest common factor of 104 and 3529955?
13
Calculate the greatest common divisor of 650294 and 550886.
4142
Calculate the highest common divisor of 28376767 and 940.
47
Calculate the highest common divisor of 12542980 and 11342.
106
What is the highest common factor of 1555 and 84030?
5
What is the greatest common divisor of 32888555 and 49?
49
What is the greatest common divisor of 2970 and 459000?
270
What is the highest common divisor of 25605 and 1821938?
569
What is the highest common factor of 46464738 and 24?
6
Calculate the greatest common factor of 1170275392 and 3602.
3602
What is the greatest common divisor of 15229535 and 68?
17
Calculate the highest common divisor of 617 and 295788566.
617
What is the highest common divisor of 848 and 331886?
106
Calculate the greatest common divisor of 4896 and 4870092.
204
What is the highest common divisor of 9292 and 9107816?
92
What is the gre